*m**2 - 11*m + 21. Let t(b) = -b**2 + 6*b - 10. Let h(q) = -2*s(q) - 5*t(q). Determine h(7).
1
Let v(k) = -5*k**3 - 5*k**2 + 3*k - 28. Let x(y) = 2*y**3 + 2*y**2 - y + 9. Let f(c) = -3*v(c) - 8*x(c). Determine f(0).
12
Let p(c) = 3*c**2 - 3*c. Let o = 65 + -63. Determine p(o).
6
Let y(u) = -u**2 - 9*u - 10. Let c be y(-8). Let z be (-2)/c + 0 + 3. Let d(g) = g**2 - 7*g + 6. Give d(z).
-6
Let x(v) = -3*v + 7. Let b(o) = o**2 - 9*o + 5. Let d be b(9). Give x(d).
-8
Let h = -1 - -4. Let f(r) = 5*r + 9*r - h*r. What is f(1)?
11
Let q(c) = -c**3 - 5*c**2 - 7*c - 4. Let b(n) = n - 4. Let u be b(11). Let i(a) = -a**2 - 8*a - 2. Let o be i(-9). Let m = u + o. Give q(m).
8
Let q(v) = -7*v**2 - 4*v**2 - 4*v + 3*v. Suppose -14 + 0 = -14*d. Determine q(d).
-12
Let q(d) = -2*d**2 + d. Let x be (-2 - -3)/(2/(-4)). Give q(x).
-10
Suppose 2*m - 4 = 2*s, -m - 2 = -0*m - 3*s. Let n(i) = i**3 - 5*i**2 + 5*i - 3. Give n(m).
1
Let h(y) = y**2 - 4*y + 2. Let a be (-20)/(-8)*(-12)/(-10)*1. Give h(a).
-1
Let f(n) be the second derivative of n**5/20 - 5*n**4/12 - 5*n**3/6 - 7*n**2/2 + 7*n. Let o be (-8)/12 - 20/(-3). Give f(o).
-1
Let j(c) = c**2 + 4*c. Suppose -20*x = -29*x - 18. What is j(x)?
-4
Let l(b) = -2*b**2 - b + 1. Let n(f) = -11*f**2 - 15*f + 6. Let x(p) = -6*l(p) + n(p). What is x(7)?
-14
Let l(f) = -11*f - 231. Let p be l(-21). Let z(h) = -h**2 + 1. Let x(a) = -4*a**2 - a - 3. Let v(u) = -x(u) + 3*z(u). Give v(p).
6
Let s(k) = -k - 7. Let i be s(-8). Let y(t) = -3*t**3 - t**2 + t - 1. What is y(i)?
-4
Let n = 4 + 0. Let t(h) = -h**3 + h**2 - 1. Let x(v) = 5*v**3 - 2*v**2 - 2*v + 12. Let s(r) = -6*t(r) - x(r). Give s(n).
2
Let a(f) = 2 - 4*f + f**2 + 0 - 6. Let s = 3 + 1. Suppose 5*z + 3*y = 34, s*z - 7*z - 3*y = -24. What is a(z)?
1
Suppose 2*l + 2*i = 0, 0*i = 4*l + 2*i - 6. Let y(v) = 2*v - 3. Let m be y(3). Let f(o) = 0*o**3 - 1 - 2*o**m + o**3 - 1 + o**2 + 4*o. Give f(l).
-8
Let h(f) be the second derivative of -f**5/20 - 7*f**4/12 - 2*f**3/3 - f**2/2 + 13*f. Give h(-6).
-13
Let n(u) = u**2 + 9*u - 3. Let a be ((-7)/(35/45))/1. Give n(a).
-3
Let w(d) = -8*d + 1. Let y be w(-2). Suppose 3*s = -4*b - y, -1 = -3*b - s - 15. Let x(n) = -n**2 - 3*n. Give x(b).
-10
Let n(l) = l**3 + 2. Let u(v) = -v + 2. Let d be u(-3). Suppose -2*t = 4*y + 20, -9*t - 25 = -4*t + d*y. Calculate n(t).
2
Let v(j) = -3*j**3 - j. Let q(p) = -4*p**3 - p**2 - 2*p. Let x(r) = -2*q(r) + 3*v(r). Let i(l) be the second derivative of x(l). Determine i(3).
-14
Let u(d) be the first derivative of -d**3/3 - 5*d**2/2 - 5*d - 2. Let s be u(-6). Let t = s + 8. Let n(o) = -o + 4. Determine n(t).
7
Let i(s) = -2*s**2 + 4*s - 2 + 3*s**2 - 5*s + 0*s**2. Give i(-3).
10
Let d(q) = -8*q. Suppose 3*s + 6 = -3*s. Determine d(s).
8
Let m(s) = -s**3 + s**2 + 2*s + 3. Let f = 175 - 113. Suppose 3*n - 4*l = -0*n + f, -n + 10 = 4*l. Let k be n/(-4)*4/(-6). Give m(k).
-9
Let u(l) = -5*l**2 - 7. Let s = -40 - -27. Let v(z) = 11*z**2 + 15. Let f(c) = s*u(c) - 6*v(c). Suppose -y = 2*y - 6. What is f(y)?
-3
Let r(c) = -17*c**3 + 2*c**2 - 1. Let w be 1/(-2)*1*(3 + -1). Give r(w).
18
Let j(i) = 7*i - 1. Let x = -5 - -6. Calculate j(x).
6
Let l(v) = v**2 + 2*v + 4. Let z(i) = -i**2 - 3*i - 4. Let s(o) = 3*l(o) + 4*z(o). Give s(-3).
5
Let g(q) = -7*q**3 - 10*q**2 - 6*q + 3. Let a(n) = 6*n**3 + 9*n**2 + 5*n - 3. Let c(h) = -6*a(h) - 5*g(h). Calculate c(-4).
3
Let w(j) = 22*j**3 - 7*j**2 + 9*j + 7. Let q(x) be the first derivative of 11*x**4/4 - x**3 + 2*x**2 + 3*x - 4. Let s(h) = 7*q(h) - 3*w(h). Calculate s(1).
12
Let z(u) = -7*u**2 + 12*u - 14. Let j(h) = -9*h**2 + 13*h - 15. Let v(b) = 3*j(b) - 4*z(b). What is v(6)?
-7
Let d(s) = -s**2 + 12*s - 3. Let p be ((-7)/(-4))/((-2)/(-8)). Let x(f) = f**2 - 11*f + 3. Let z(l) = p*x(l) + 6*d(l). Determine z(4).
-1
Let b(o) be the second derivative of -o**5/20 + o**4/3 - o**3/2 + 5*o. Determine b(3).
0
Let b(p) = p + 3. Let y(w) = w + 2. Let l(t) = -5*b(t) + 4*y(t). Give l(-5).
-2
Let l(r) = 3*r**2 + 4*r - 2. Let n(v) = -13*v**2 - 16*v + 8. Let u(x) = -9*l(x) - 2*n(x). Let a be (-12)/10*(-230)/(-69). What is u(a)?
2
Let v(w) = -20*w**3 + w**2 + w - 1. Suppose -4*m + 5 = 4*j - 3*j, -5*m + 3*j = -2. What is v(m)?
-19
Suppose 0 = -5*p + 3*p + 12. Let x(f) = -2*f**2 + 5*f - 1. Let n(o) = o**2 - 2*o. Let g(k) = 7*n(k) + 4*x(k). What is g(p)?
-4
Let l(c) = 5*c**3 + 3*c**2 + c - 3. Let d(h) = 4*h**3 + 2*h**2 + h - 2. Let p(w) = -3*d(w) + 2*l(w). What is p(-1)?
3
Let q(h) = -3*h - 3. Let s be q(-2). Let l(w) = 0*w + 4 + 2*w - 5*w. Give l(s).
-5
Let a(g) be the first derivative of -g**4/4 - 7*g**3/3 - 5*g**2 - 7*g - 7. Give a(-6).
17
Let j(q) be the first derivative of -q**6/360 - q**5/60 - q**4/24 - 2*q**3/3 - 2. Let b(r) be the third derivative of j(r). Suppose -p - 3 = -0*p. What is b(p)?
-4
Let h(l) = l**3 + 3*l**2 + l + 4. Suppose -4*x + 40 = -3*m, 5*x - 71 = -3*m - 21. Let d = -6 + x. Suppose 5*z = 5*g + 15, -d*g + 3*z + 3 = -5*g. Calculate h(g).
1
Let x = 40 - 25. Suppose 4*s = -f - 25, -5*s + f - x = -f. Let w(g) = g**2 + 5*g - 7. What is w(s)?
-7
Let p(d) be the first derivative of -d**5/60 + d**4/4 - d**3/3 + d**2 - 4. Let h(x) be the second derivative of p(x). Give h(5).
3
Let w(v) = -4*v**2 + 5 - 6*v + 3*v**2 + 5*v. What is w(4)?
-15
Let b(v) = -v - 1. Let n be b(-2). Let f be n/(-4) - 5/(-4). Let c(d) = -3 - 4*d**2 + 2*d + 3 + 4 - 5. What is c(f)?
-3
Suppose -3*w + 20 = 5. Let t = -3 + 6. Let q(o) = -t*o - 1 + o**2 - 3 - 3. What is q(w)?
3
Let z(x) be the third derivative of x**4/24 - x**3/3 + 11*x**2. Suppose 5*y - 15 = -4*d + 71, -3*d = -5*y + 58. Let p = -9 + y. Give z(p).
3
Suppose v - p = -2, -2*p + 22 = 5*v - v. Suppose 6 = -n + v. Let i(c) = c. Let f(o) = -2*o - 1. Let z(y) = n*i(y) - f(y). Give z(3).
-2
Let q(w) be the third derivative of -w**5/20 - w**4/8 + 11*w**2. Suppose 0 = 2*r - 6 - 4. Suppose r*n + 13 = 3. Calculate q(n).
-6
Let x(u) = -u**2 + 3*u - 5. Suppose 2*k = -2*k. Let n(i) = 1 + 3 + 0*i + i. Let t be n(k). Determine x(t).
-9
Let x(t) be the third derivative of -t**4/12 - t**3/3 - 32*t**2. Let v = -2 - 4. Calculate x(v).
10
Suppose 5*c = -4*l - 36, -l + 0*l = 3*c + 16. Let j(t) = -2*t**2 - 7*t - 6. Calculate j(c).
-10
Suppose -9*d - 6*d = 0. Let t(v) be the second derivative of -1/12*v**4 + d + 0*v**3 - 3*v + 3/2*v**2. What is t(-3)?
-6
Let h(i) = -3 + 1 + 6*i - 2*i + 3. Determine h(-1).
-3
Let v(u) = u. Let d be v(-3). Let a(f) = 11*f - 3. Let g(n) = -5*n + 1. Let i(s) = 4*a(s) + 9*g(s). Calculate i(d).
0
Let g = 3 - 0. Let d(s) = 2 + 2*s**2 - g + 5*s**2. Give d(-1).
6
Let n(i) be the third derivative of -i**5/60 + 5*i**4/24 - i**3/3 - 11*i**2. Give n(5).
-2
Let j(h) = 2*h - 1. Let g(r) be the first derivative of -r**4/4 - 11*r**3/3 - 9*r**2/2 + 8*r - 4. Let w be g(-10). Calculate j(w).
-5
Let x(o) = o**2 - 6*o + 5. Let f be x(2). Let w = 7 + -4. Let i(j) = -j + 3*j + j + w. Calculate i(f).
-6
Let b(s) = s**2 + 5*s + 5. Suppose -2*n = -2, -2*f - 5*n + 2*n = -9. Suppose -8 = -l + f*l. Give b(l).
1
Suppose 4*j - 12 = 8. Let s(x) = x - 4. Calculate s(j).
1
Let i(c) = c**2 + c - 2. Suppose 0 = -5*z + 20, -3*z - 1 = -x - 8. Let h(f) = f - 5. Let r be h(x). What is i(r)?
-2
Let p be -3 - (-1)/(2/16). Let j(b) = -b**2 + 6*b + 5. Calculate j(p).
10
Let p(u) = u + 1. Suppose -3*z + 6*g - 2*g = 55, 5*g = -5*z - 45. Let n = -13 - z. What is p(n)?
1
Let c(l) = -2*l**2 + 3*l**2 - 2*l - 7 - 3*l. Let d be (3 + 0 - 1) + 3. Give c(d).
-7
Let z(q) be the second derivative of 1/2*q**3 - q - 2*q**2 + 0 + 1/12*q**4. Let j be (-30)/7 - (-2)/7. What is z(j)?
0
Suppose -2*o + 5 = 5*k, 3*k = -o - 4*o + 3. Let f(q) = q**2 + 8. Determine f(o).
8
Let t(m) = 2*m**2 - 23*m - 27. Let b(g) = g**2 - 11*g - 13. Let a(r) = -13*b(r) + 6*t(r). Determine a(5).
7
Let y(r) = r**3 - 2*r**2 - 2*r + 3. Suppose -3*l - 4*s + 2*s = -17, 3*l = 2*s + 1. Give y(l).
6
Suppose 3*s + 5*b + 28 = 0, -5*s + 0*s + 5 = -2*b. Let a(p) be the second derivative of -p**4/12 - p**3/6 - p**2/2 + p. Give a(s).
-1
Let i(n) = -3*n**2. Suppose 2*u = -0*u - 6. Let k = u - -3. Let d be (-7)/(-21)*(-3 + k). What is i(d)?
-3
Let s(k) be the second derivative of k - 1/6*k**3 + 3/2*k**2 + 0 + 1/12*k**4. Suppose -v = -3*v - 2*v. Calculate s(v).
3
Let b(g) = 5*g - 5. Let s(k) = -16*k + 16. Let v(p) = -10*b(p) - 3*